Dec 01 03:40:33.762 INFO testing saghm/monger against master#8940af3cea4a9a9deabcaf843b2f8cad9a83fc61 for beta-1.31-5
Dec 01 03:40:33.764 INFO running `"docker" "create" "-v" "/mnt/big/crater/work/local/target-dirs/beta-1.31-5/worker-7/master#8940af3cea4a9a9deabcaf843b2f8cad9a83fc61:/target:rw,Z" "-v" "/mnt/big/crater/work/local/test-source/worker-7/beta-1.31-5/master#8940af3cea4a9a9deabcaf843b2f8cad9a83fc61:/source:ro,Z" "-v" "/mnt/big/crater/work/local/cargo-home:/cargo-home:ro,Z" "-v" "/mnt/big/crater/work/local/rustup-home:/rustup-home:ro,Z" "-e" "USER_ID=1000" "-e" "SOURCE_DIR=/source" "-e" "USER_ID=1000" "-e" "CMD=cargo +8940af3cea4a9a9deabcaf843b2f8cad9a83fc61-alt build --frozen" "-e" "CARGO_TARGET_DIR=/target" "-e" "CARGO_INCREMENTAL=0" "-e" "RUST_BACKTRACE=full" "-e" "RUSTFLAGS=--cap-lints=warn" "-e" "CARGO_HOME=/cargo-home" "-e" "RUSTUP_HOME=/rustup-home" "-m" "1536M" "--network" "none" "crater"`
Dec 01 03:40:34.191 INFO [stdout] 187b5c0bbbb228ad4a0f009f8392a72a18da506f25b1c4bb09970d3093f761da
Dec 01 03:40:34.201 INFO running `"docker" "start" "-a" "187b5c0bbbb228ad4a0f009f8392a72a18da506f25b1c4bb09970d3093f761da"`
Dec 01 03:40:35.392 INFO [stderr] usermod: no changes
Dec 01 03:40:35.787 INFO [stderr]    Compiling rs-release v0.1.7
Dec 01 03:40:35.788 INFO [stderr]    Compiling crossbeam-epoch v0.5.2
Dec 01 03:40:35.807 INFO [stderr]    Compiling serde_json v1.0.33
Dec 01 03:40:35.807 INFO [stderr]    Compiling openssl v0.10.12
Dec 01 03:40:35.807 INFO [stderr]    Compiling hyperx v0.13.1
Dec 01 03:40:35.807 INFO [stderr]    Compiling regex v1.0.6
Dec 01 03:40:35.807 INFO [stderr]    Compiling error-chain v0.12.0
Dec 01 03:40:35.807 INFO [stderr]    Compiling tokio-reactor v0.1.6
Dec 01 03:40:44.115 INFO [stderr]    Compiling crossbeam-deque v0.6.1
Dec 01 03:40:46.394 INFO [stderr]    Compiling tokio-uds v0.2.2
Dec 01 03:40:46.396 INFO [stderr]    Compiling tokio-udp v0.1.2
Dec 01 03:40:46.397 INFO [stderr]    Compiling tokio-tcp v0.1.2
Dec 01 03:40:46.891 INFO [stderr]    Compiling tokio-threadpool v0.1.7
Dec 01 03:41:15.357 INFO [stderr]    Compiling tokio-fs v0.1.3
Dec 01 03:41:15.416 INFO [stderr]    Compiling native-tls v0.2.1
Dec 01 03:41:18.433 INFO [stderr]    Compiling tokio v0.1.11
Dec 01 03:41:21.645 INFO [stderr]    Compiling hyper v0.12.14
Dec 01 03:41:30.770 INFO [stderr]    Compiling hyper-tls v0.3.1
Dec 01 03:41:32.463 INFO [stderr]    Compiling reqwest v0.9.5
Dec 01 03:41:46.880 INFO [stderr]    Compiling monger v0.5.7 (/source)
Dec 01 03:41:58.229 INFO [stderr]     Finished dev [unoptimized + debuginfo] target(s) in 1m 22s
Dec 01 03:41:58.249 INFO [stderr] su: No module specific data is present
Dec 01 03:42:01.951 INFO running `"docker" "inspect" "187b5c0bbbb228ad4a0f009f8392a72a18da506f25b1c4bb09970d3093f761da"`
Dec 01 03:42:02.302 INFO running `"docker" "rm" "-f" "187b5c0bbbb228ad4a0f009f8392a72a18da506f25b1c4bb09970d3093f761da"`
Dec 01 03:42:02.703 INFO [stdout] 187b5c0bbbb228ad4a0f009f8392a72a18da506f25b1c4bb09970d3093f761da
Dec 01 03:42:02.708 INFO running `"docker" "create" "-v" "/mnt/big/crater/work/local/target-dirs/beta-1.31-5/worker-7/master#8940af3cea4a9a9deabcaf843b2f8cad9a83fc61:/target:rw,Z" "-v" "/mnt/big/crater/work/local/test-source/worker-7/beta-1.31-5/master#8940af3cea4a9a9deabcaf843b2f8cad9a83fc61:/source:ro,Z" "-v" "/mnt/big/crater/work/local/cargo-home:/cargo-home:ro,Z" "-v" "/mnt/big/crater/work/local/rustup-home:/rustup-home:ro,Z" "-e" "USER_ID=1000" "-e" "SOURCE_DIR=/source" "-e" "USER_ID=1000" "-e" "CMD=cargo +8940af3cea4a9a9deabcaf843b2f8cad9a83fc61-alt test --frozen --no-run" "-e" "CARGO_TARGET_DIR=/target" "-e" "CARGO_INCREMENTAL=0" "-e" "RUST_BACKTRACE=full" "-e" "RUSTFLAGS=--cap-lints=warn" "-e" "CARGO_HOME=/cargo-home" "-e" "RUSTUP_HOME=/rustup-home" "-m" "1536M" "--network" "none" "crater"`
Dec 01 03:42:03.501 INFO [stdout] 975be4833006e84e1fa599108443fdaa9fd9ef1cf78a310c4d316890168475a1
Dec 01 03:42:03.504 INFO running `"docker" "start" "-a" "975be4833006e84e1fa599108443fdaa9fd9ef1cf78a310c4d316890168475a1"`
Dec 01 03:42:04.558 INFO [stderr] usermod: no changes
Dec 01 03:42:04.806 INFO [stderr]    Compiling monger v0.5.7 (/source)
Dec 01 03:42:13.756 INFO [stderr]     Finished dev [unoptimized + debuginfo] target(s) in 9.17s
Dec 01 03:42:13.774 INFO [stderr] su: No module specific data is present
Dec 01 03:42:14.472 INFO running `"docker" "inspect" "975be4833006e84e1fa599108443fdaa9fd9ef1cf78a310c4d316890168475a1"`
Dec 01 03:42:14.542 INFO running `"docker" "rm" "-f" "975be4833006e84e1fa599108443fdaa9fd9ef1cf78a310c4d316890168475a1"`
Dec 01 03:42:14.607 INFO [stdout] 975be4833006e84e1fa599108443fdaa9fd9ef1cf78a310c4d316890168475a1
Dec 01 03:42:14.612 INFO running `"docker" "create" "-v" "/mnt/big/crater/work/local/target-dirs/beta-1.31-5/worker-7/master#8940af3cea4a9a9deabcaf843b2f8cad9a83fc61:/target:rw,Z" "-v" "/mnt/big/crater/work/local/test-source/worker-7/beta-1.31-5/master#8940af3cea4a9a9deabcaf843b2f8cad9a83fc61:/source:ro,Z" "-v" "/mnt/big/crater/work/local/cargo-home:/cargo-home:ro,Z" "-v" "/mnt/big/crater/work/local/rustup-home:/rustup-home:ro,Z" "-e" "USER_ID=1000" "-e" "SOURCE_DIR=/source" "-e" "USER_ID=1000" "-e" "CMD=cargo +8940af3cea4a9a9deabcaf843b2f8cad9a83fc61-alt test --frozen" "-e" "CARGO_TARGET_DIR=/target" "-e" "CARGO_INCREMENTAL=0" "-e" "RUST_BACKTRACE=full" "-e" "RUSTFLAGS=--cap-lints=warn" "-e" "CARGO_HOME=/cargo-home" "-e" "RUSTUP_HOME=/rustup-home" "-m" "1536M" "--network" "none" "crater"`
Dec 01 03:42:15.081 INFO [stdout] f76c95832ac041f748a8d29e32617ddd46cce2797f3e5f9c2f7452227ab649c9
Dec 01 03:42:15.083 INFO running `"docker" "start" "-a" "f76c95832ac041f748a8d29e32617ddd46cce2797f3e5f9c2f7452227ab649c9"`
Dec 01 03:42:15.721 INFO [stderr] usermod: no changes
Dec 01 03:42:15.965 INFO [stderr]     Finished dev [unoptimized + debuginfo] target(s) in 0.21s
Dec 01 03:42:15.987 INFO [stderr]      Running /target/debug/deps/monger-46bab7a795a17ac1
Dec 01 03:42:15.995 INFO [stdout] 
Dec 01 03:42:15.995 INFO [stdout] running 37 tests
Dec 01 03:42:15.997 INFO [stdout] test os::linux::tests::rhel6_path ... ok
Dec 01 03:42:15.997 INFO [stdout] test os::linux::tests::amazon_path ... ok
Dec 01 03:42:16.003 INFO [stdout] test os::linux::tests::debian8_path ... ok
Dec 01 03:42:16.003 INFO [stdout] test os::linux::tests::legacy_path ... ok
Dec 01 03:42:16.004 INFO [stdout] test os::linux::tests::ubuntu1404_path ... ok
Dec 01 03:42:16.004 INFO [stdout] test os::linux::tests::suse12_path ... ok
Dec 01 03:42:16.004 INFO [stdout] test os::linux::tests::ubuntu1204_path ... ok
Dec 01 03:42:16.005 INFO [stdout] test os::linux::tests::suse11_path ... ok
Dec 01 03:42:16.005 INFO [stdout] test os::linux::tests::ubuntu1604_x86_64_path ... ok
Dec 01 03:42:16.005 INFO [stdout] test os::macos::tests::nonssl_path ... ok
Dec 01 03:42:16.006 INFO [stdout] test os::linux::tests::ubuntu16804_path ... ok
Dec 01 03:42:16.006 INFO [stdout] test os::macos::tests::ssl_path ... ok
Dec 01 03:42:16.006 INFO [stdout] test os::tests::debian7_linux_url ... ok
Dec 01 03:42:16.006 INFO [stdout] test os::tests::debian8_linux_url ... ok
Dec 01 03:42:16.007 INFO [stdout] test os::tests::legacy_linux_url ... ok
Dec 01 03:42:16.007 INFO [stdout] test os::tests::rhel6_linux_url ... ok
Dec 01 03:42:16.007 INFO [stdout] test os::tests::nonssl_osx_url ... ok
Dec 01 03:42:16.008 INFO [stdout] test os::tests::rhel7_linux_url ... ok
Dec 01 03:42:16.008 INFO [stdout] test os::linux::tests::ubuntu1604_arm_path ... ok
Dec 01 03:42:16.008 INFO [stdout] test os::tests::amazon_linux_url ... ok
Dec 01 03:42:16.009 INFO [stdout] test os::linux::tests::rhel7_path ... ok
Dec 01 03:42:16.009 INFO [stdout] test os::tests::server2008_r2_ssl_windows_url ... ok
Dec 01 03:42:16.009 INFO [stdout] test os::linux::tests::debian7_path ... ok
Dec 01 03:42:16.009 INFO [stdout] test os::tests::ubuntu1204_linux_url ... ok
Dec 01 03:42:16.010 INFO [stdout] test os::tests::ubuntu1604_x86_64_linux_url ... ok
Dec 01 03:42:16.011 INFO [stdout] test os::tests::server2008_r2_windows_url ... ok
Dec 01 03:42:16.011 INFO [stdout] test os::tests::ssl_macos_url ... ok
Dec 01 03:42:16.011 INFO [stdout] test os::tests::server2008_windows_url ... ok
Dec 01 03:42:16.011 INFO [stdout] test os::tests::suse12_linux_url ... ok
Dec 01 03:42:16.011 INFO [stdout] test os::tests::suse11_linux_url ... ok
Dec 01 03:42:16.011 INFO [stdout] test os::tests::ssl_osx_url ... ok
Dec 01 03:42:16.011 INFO [stdout] test os::tests::ubunutu1404_linux_url ... ok
Dec 01 03:42:16.015 INFO [stdout] test os::tests::ubunutu1604_arm_linux_url ... ok
Dec 01 03:42:16.043 INFO [stdout] test os::windows::tests::server2008_r2_path ... ok
Dec 01 03:42:16.043 INFO [stdout] test os::windows::tests::server2008_path ... ok
Dec 01 03:42:16.043 INFO [stdout] test os::windows::tests::server2008_r2_ssl_path ... ok
Dec 01 03:42:16.342 INFO [stdout] test client::tests::download_test ... FAILED
Dec 01 03:42:16.342 INFO [stdout] 
Dec 01 03:42:16.342 INFO [stdout] failures:
Dec 01 03:42:16.342 INFO [stdout] 
Dec 01 03:42:16.342 INFO [stdout] ---- client::tests::download_test stdout ----
Dec 01 03:42:16.343 INFO [stdout] downloading https://httpbin.org/robots.txt...
Dec 01 03:42:16.343 INFO [stdout] thread 'client::tests::download_test' panicked at 'called `Result::unwrap()` on an `Err` value: Error(Http(Inner { kind: Hyper(Error { kind: Connect, cause: Custom { kind: Other, error: StringError("failed to lookup address information: Temporary failure in name resolution") } }), url: Some("https://httpbin.org/robots.txt") }), State { next_error: None, backtrace: InternalBacktrace { backtrace: Some(stack backtrace:
Dec 01 03:42:16.343 INFO [stdout]    0:     0x558ba1497b26 - backtrace::backtrace::libunwind::trace::hd57cd17660d59f69
Dec 01 03:42:16.343 INFO [stdout]                         at /cargo-home/registry/src/github.com-1ecc6299db9ec823/backtrace-0.3.9/src/backtrace/libunwind.rs:53
Dec 01 03:42:16.343 INFO [stdout]                          - backtrace::backtrace::trace::h94ae2c7c211f1acb
Dec 01 03:42:16.343 INFO [stdout]                         at /cargo-home/registry/src/github.com-1ecc6299db9ec823/backtrace-0.3.9/src/backtrace/mod.rs:42
Dec 01 03:42:16.343 INFO [stdout]    1:     0x558ba1492233 - backtrace::capture::Backtrace::new_unresolved::hf4709bb5ebe9c19c
Dec 01 03:42:16.343 INFO [stdout]                         at /cargo-home/registry/src/github.com-1ecc6299db9ec823/backtrace-0.3.9/src/capture.rs:88
Dec 01 03:42:16.343 INFO [stdout]    2:     0x558ba1490a56 - error_chain::backtrace::imp::InternalBacktrace::new::h340cadc118702c6e
Dec 01 03:42:16.343 INFO [stdout]                         at /cargo-home/registry/src/github.com-1ecc6299db9ec823/error-chain-0.12.0/src/backtrace.rs:56
Dec 01 03:42:16.343 INFO [stdout]    3:     0x558ba148f5b2 - <error_chain::State as core::default::Default>::default::hfc43b167e21a425d
Dec 01 03:42:16.343 INFO [stdout]                         at /cargo-home/registry/src/github.com-1ecc6299db9ec823/error-chain-0.12.0/src/lib.rs:666
Dec 01 03:42:16.343 INFO [stdout]    4:     0x558ba0f37973 - monger::error::Error::from_kind::h3812644e6652c1db
Dec 01 03:42:16.343 INFO [stdout]                         at /source/<::error_chain::error_chain::impl_error_chain_processed macros>:53
Dec 01 03:42:16.343 INFO [stdout]    5:     0x558ba0f37a0c - <monger::error::Error as core::convert::From<reqwest::error::Error>>::from::h2fc3ed62223ca762
Dec 01 03:42:16.343 INFO [stdout]                         at src/error.rs:1
Dec 01 03:42:16.343 INFO [stdout]    6:     0x558ba0f3b95a - monger::client::HttpClient::download_file::h131450a0671099af
Dec 01 03:42:16.343 INFO [stdout]                         at src/client.rs:26
Dec 01 03:42:16.343 INFO [stdout]    7:     0x558ba0f3760b - monger::client::tests::download_test::h3e0d6da8398b9967
Dec 01 03:42:16.343 INFO [stdout]                         at src/client.rs:45
Dec 01 03:42:16.343 INFO [stdout]    8:     0x558ba0f37599 - monger::client::tests::download_test::{{closure}}::h770f15b51db2e4b1
Dec 01 03:42:16.343 INFO [stdout]                         at src/client.rs:43
Dec 01 03:42:16.343 INFO [stdout]    9:     0x558ba0f335ad - core::ops::function::FnOnce::call_once::h7ebd0d0768250223
Dec 01 03:42:16.343 INFO [stdout]                         at libcore/ops/function.rs:238
Dec 01 03:42:16.343 INFO [stdout]   10:     0x558ba0f3e8ee - test::run_test::{{closure}}::h22f923ed51962bb2
Dec 01 03:42:16.343 INFO [stdout]                         at libtest/lib.rs:1468
Dec 01 03:42:16.343 INFO [stdout]                          - core::ops::function::FnOnce::call_once::he2d9197ddf9e830c
Dec 01 03:42:16.343 INFO [stdout]                         at libcore/ops/function.rs:238
Dec 01 03:42:16.343 INFO [stdout]                          - <F as alloc::boxed::FnBox<A>>::call_box::hac903f91577a156c
Dec 01 03:42:16.343 INFO [stdout]                         at liballoc/boxed.rs:672
Dec 01 03:42:16.343 INFO [stdout]   11:     0x558ba14e1c19 - __rust_maybe_catch_panic
Dec 01 03:42:16.343 INFO [stdout]                         at libpanic_unwind/lib.rs:102
Dec 01 03:42:16.343 INFO [stdout]   12:     0x558ba0f60542 - std::panicking::try::h86d959bc0ec6cdfc
Dec 01 03:42:16.343 INFO [stdout]                         at libstd/panicking.rs:289
Dec 01 03:42:16.343 INFO [stdout]                          - std::panic::catch_unwind::h58f3b0b822e24260
Dec 01 03:42:16.343 INFO [stdout]                         at libstd/panic.rs:392
Dec 01 03:42:16.343 INFO [stdout]                          - test::run_test::run_test_inner::{{closure}}::h6052d99a909b4d79
Dec 01 03:42:16.343 INFO [stdout]                         at libtest/lib.rs:1423
Dec 01 03:42:16.343 INFO [stdout]                          - std::sys_common::backtrace::__rust_begin_short_backtrace::hb8f0d0309526c184
Dec 01 03:42:16.343 INFO [stdout]                         at libstd/sys_common/backtrace.rs:136
Dec 01 03:42:16.343 INFO [stdout]   13:     0x558ba0f60ff4 - std::thread::Builder::spawn::{{closure}}::{{closure}}::he41bdc16beab5bc6
Dec 01 03:42:16.343 INFO [stdout]                         at libstd/thread/mod.rs:409
Dec 01 03:42:16.343 INFO [stdout]                          - <std::panic::AssertUnwindSafe<F> as core::ops::function::FnOnce<()>>::call_once::h250f97bbd023a26e
Dec 01 03:42:16.343 INFO [stdout]                         at libstd/panic.rs:313
Dec 01 03:42:16.343 INFO [stdout]                          - std::panicking::try::do_call::hc2f7c8b9a348d8db
Dec 01 03:42:16.343 INFO [stdout]                         at libstd/panicking.rs:310
Dec 01 03:42:16.343 INFO [stdout]   14:     0x558ba14e1c19 - __rust_maybe_catch_panic
Dec 01 03:42:16.343 INFO [stdout]                         at libpanic_unwind/lib.rs:102
Dec 01 03:42:16.343 INFO [stdout]   15:     0x558ba0f4e22c - std::panicking::try::h060637bb9966bca1
Dec 01 03:42:16.343 INFO [stdout]                         at libstd/panicking.rs:289
Dec 01 03:42:16.343 INFO [stdout]                          - std::panic::catch_unwind::hbb63bac845704635
Dec 01 03:42:16.343 INFO [stdout]                         at libstd/panic.rs:392
Dec 01 03:42:16.343 INFO [stdout]                          - std::thread::Builder::spawn::{{closure}}::h3a662d8ffcf3ef15
Dec 01 03:42:16.343 INFO [stdout]                         at libstd/thread/mod.rs:408
Dec 01 03:42:16.343 INFO [stdout]                          - <F as alloc::boxed::FnBox<A>>::call_box::h6bfded618e480b32
Dec 01 03:42:16.343 INFO [stdout]                         at liballoc/boxed.rs:672
Dec 01 03:42:16.343 INFO [stdout]   16:     0x558ba14cf1fd - <alloc::boxed::Box<(dyn alloc::boxed::FnBox<A, Output=R> + 'a)> as core::ops::function::FnOnce<A>>::call_once::h107741f455b08c4c
Dec 01 03:42:16.343 INFO [stdout]                         at liballoc/boxed.rs:682
Dec 01 03:42:16.343 INFO [stdout]                          - std::sys_common::thread::start_thread::h4c28257d67cdf9cb
Dec 01 03:42:16.343 INFO [stdout]                         at libstd/sys_common/thread.rs:24
Dec 01 03:42:16.343 INFO [stdout]   17:     0x558ba14c1385 - std::sys::unix::thread::Thread::new::thread_start::hfecb2e7eff8fd34f
Dec 01 03:42:16.343 INFO [stdout]                         at libstd/sys/unix/thread.rs:90
Dec 01 03:42:16.343 INFO [stdout]   18:     0x7f150d9f16b9 - start_thread
Dec 01 03:42:16.343 INFO [stdout]   19:     0x7f150d51141c - clone
Dec 01 03:42:16.343 INFO [stdout]   20:                0x0 - <unknown>) } })', libcore/result.rs:1009:5
Dec 01 03:42:16.343 INFO [stdout] stack backtrace:
Dec 01 03:42:16.343 INFO [stdout]    0:     0x558ba14cd0af - std::sys::unix::backtrace::tracing::imp::unwind_backtrace::h3a8b83e1922cbdde
Dec 01 03:42:16.343 INFO [stdout]                                at libstd/sys/unix/backtrace/tracing/gcc_s.rs:49
Dec 01 03:42:16.343 INFO [stdout]    1:     0x558ba14d6c67 - std::sys_common::backtrace::print::h00d3155a29b4020f
Dec 01 03:42:16.343 INFO [stdout]                                at libstd/sys_common/backtrace.rs:71
Dec 01 03:42:16.343 INFO [stdout]                                at libstd/sys_common/backtrace.rs:59
Dec 01 03:42:16.343 INFO [stdout]    2:     0x558ba14d151f - std::panicking::default_hook::{{closure}}::hd7465c742e79e1bb
Dec 01 03:42:16.343 INFO [stdout]                                at libstd/panicking.rs:211
Dec 01 03:42:16.343 INFO [stdout]    3:     0x558ba14d121e - std::panicking::default_hook::h9e3966f2aa2a6e12
Dec 01 03:42:16.343 INFO [stdout]                                at libstd/panicking.rs:221
Dec 01 03:42:16.343 INFO [stdout]    4:     0x558ba14d1bfe - std::panicking::rust_panic_with_hook::h587f091ae747d080
Dec 01 03:42:16.344 INFO [stdout]                                at libstd/panicking.rs:476
Dec 01 03:42:16.344 INFO [stdout]    5:     0x558ba14d17a1 - std::panicking::continue_panic_fmt::hb3a4fdede87f43a8
Dec 01 03:42:16.344 INFO [stdout]                                at libstd/panicking.rs:390
Dec 01 03:42:16.344 INFO [stdout]    6:     0x558ba14d1685 - rust_begin_unwind
Dec 01 03:42:16.344 INFO [stdout]                                at libstd/panicking.rs:325
Dec 01 03:42:16.344 INFO [stdout]    7:     0x558ba1512b7c - core::panicking::panic_fmt::h6f9cebf5e7474a0b
Dec 01 03:42:16.344 INFO [stdout]                                at libcore/panicking.rs:77
Dec 01 03:42:16.344 INFO [stdout]    8:     0x558ba0f321db - core::result::unwrap_failed::h4e1b93c6f86c6e13
Dec 01 03:42:16.344 INFO [stdout]                                at libcore/macros.rs:26
Dec 01 03:42:16.344 INFO [stdout]    9:     0x558ba0f32035 - <core::result::Result<T, E>>::unwrap::hba99da3b16be88ff
Dec 01 03:42:16.344 INFO [stdout]                                at libcore/result.rs:808
Dec 01 03:42:16.344 INFO [stdout]   10:     0x558ba0f37622 - monger::client::tests::download_test::h3e0d6da8398b9967
Dec 01 03:42:16.344 INFO [stdout]                                at src/client.rs:45
Dec 01 03:42:16.344 INFO [stdout]   11:     0x558ba0f37599 - monger::client::tests::download_test::{{closure}}::h770f15b51db2e4b1
Dec 01 03:42:16.344 INFO [stdout]                                at src/client.rs:43
Dec 01 03:42:16.344 INFO [stdout]   12:     0x558ba0f335ad - core::ops::function::FnOnce::call_once::h7ebd0d0768250223
Dec 01 03:42:16.344 INFO [stdout]                                at libcore/ops/function.rs:238
Dec 01 03:42:16.344 INFO [stdout]   13:     0x558ba0f3e8ee - <F as alloc::boxed::FnBox<A>>::call_box::hac903f91577a156c
Dec 01 03:42:16.344 INFO [stdout]                                at libtest/lib.rs:1468
Dec 01 03:42:16.344 INFO [stdout]                                at libcore/ops/function.rs:238
Dec 01 03:42:16.344 INFO [stdout]                                at liballoc/boxed.rs:672
Dec 01 03:42:16.344 INFO [stdout]   14:     0x558ba14e1c19 - __rust_maybe_catch_panic
Dec 01 03:42:16.344 INFO [stdout]                                at libpanic_unwind/lib.rs:102
Dec 01 03:42:16.344 INFO [stdout]   15:     0x558ba0f60542 - std::sys_common::backtrace::__rust_begin_short_backtrace::hb8f0d0309526c184
Dec 01 03:42:16.344 INFO [stdout]                                at libstd/panicking.rs:289
Dec 01 03:42:16.344 INFO [stdout]                                at libstd/panic.rs:392
Dec 01 03:42:16.344 INFO [stdout]                                at libtest/lib.rs:1423
Dec 01 03:42:16.344 INFO [stdout]                                at libstd/sys_common/backtrace.rs:136
Dec 01 03:42:16.344 INFO [stdout]   16:     0x558ba0f60ff4 - std::panicking::try::do_call::hc2f7c8b9a348d8db
Dec 01 03:42:16.344 INFO [stdout]                                at libstd/thread/mod.rs:409
Dec 01 03:42:16.344 INFO [stdout]                                at libstd/panic.rs:313
Dec 01 03:42:16.344 INFO [stdout]                                at libstd/panicking.rs:310
Dec 01 03:42:16.344 INFO [stdout]   17:     0x558ba14e1c19 - __rust_maybe_catch_panic
Dec 01 03:42:16.344 INFO [stdout]                                at libpanic_unwind/lib.rs:102
Dec 01 03:42:16.344 INFO [stdout]   18:     0x558ba0f4e22c - <F as alloc::boxed::FnBox<A>>::call_box::h6bfded618e480b32
Dec 01 03:42:16.344 INFO [stdout]                                at libstd/panicking.rs:289
Dec 01 03:42:16.344 INFO [stdout]                                at libstd/panic.rs:392
Dec 01 03:42:16.344 INFO [stdout]                                at libstd/thread/mod.rs:408
Dec 01 03:42:16.344 INFO [stdout]                                at liballoc/boxed.rs:672
Dec 01 03:42:16.344 INFO [stdout]   19:     0x558ba14cf1fd - std::sys_common::thread::start_thread::h4c28257d67cdf9cb
Dec 01 03:42:16.344 INFO [stdout]                                at liballoc/boxed.rs:682
Dec 01 03:42:16.344 INFO [stdout]                                at libstd/sys_common/thread.rs:24
Dec 01 03:42:16.344 INFO [stdout]   20:     0x558ba14c1385 - std::sys::unix::thread::Thread::new::thread_start::hfecb2e7eff8fd34f
Dec 01 03:42:16.344 INFO [stdout]                                at libstd/sys/unix/thread.rs:90
Dec 01 03:42:16.344 INFO [stdout]   21:     0x7f150d9f16b9 - start_thread
Dec 01 03:42:16.344 INFO [stdout]   22:     0x7f150d51141c - clone
Dec 01 03:42:16.344 INFO [stdout]   23:                0x0 - <unknown>
Dec 01 03:42:16.344 INFO [stdout] 
Dec 01 03:42:16.344 INFO [stdout] 
Dec 01 03:42:16.344 INFO [stdout] failures:
Dec 01 03:42:16.344 INFO [stdout]     client::tests::download_test
Dec 01 03:42:16.344 INFO [stdout] 
Dec 01 03:42:16.344 INFO [stdout] test result: FAILED. 36 passed; 1 failed; 0 ignored; 0 measured; 0 filtered out
Dec 01 03:42:16.344 INFO [stdout] 
Dec 01 03:42:16.357 INFO [stderr] error: test failed, to rerun pass '--bin monger'
Dec 01 03:42:16.357 INFO [stderr] su: No module specific data is present
Dec 01 03:42:16.850 INFO running `"docker" "inspect" "f76c95832ac041f748a8d29e32617ddd46cce2797f3e5f9c2f7452227ab649c9"`
Dec 01 03:42:16.972 INFO running `"docker" "rm" "-f" "f76c95832ac041f748a8d29e32617ddd46cce2797f3e5f9c2f7452227ab649c9"`
Dec 01 03:42:17.055 INFO [stdout] f76c95832ac041f748a8d29e32617ddd46cce2797f3e5f9c2f7452227ab649c9
